{"id":6328,"date":"2020-07-30T11:26:29","date_gmt":"2020-07-30T09:26:29","guid":{"rendered":"https:\/\/www.basezen.fr\/?page_id=6328"},"modified":"2021-03-24T18:34:30","modified_gmt":"2021-03-24T17:34:30","slug":"saf-2020","status":"publish","type":"page","link":"https:\/\/www.basezen.fr\/index.php\/appreciations\/satisfactions\/saf-2020\/","title":{"rendered":"SAF 2020"},"content":{"rendered":"\n<div class=\"wp-block-image\"><figure class=\"aligncenter size-medium\"><a href=\"https:\/\/www.basezen.fr\/index.php\/appreciations\/satisfactions\/\"><img loading=\"lazy\" decoding=\"async\" width=\"261\" height=\"300\" src=\"https:\/\/www.basezen.fr\/wp-content\/uploads\/2020\/07\/Logo-Attitude-BaseZen-ABZI-2020-261x300.png\" alt=\"\" class=\"wp-image-6333\" srcset=\"https:\/\/www.basezen.fr\/wp-content\/uploads\/2020\/07\/Logo-Attitude-BaseZen-ABZI-2020-261x300.png 261w, https:\/\/www.basezen.fr\/wp-content\/uploads\/2020\/07\/Logo-Attitude-BaseZen-ABZI-2020-768x882.png 768w, https:\/\/www.basezen.fr\/wp-content\/uploads\/2020\/07\/Logo-Attitude-BaseZen-ABZI-2020-522x600.png 522w, https:\/\/www.basezen.fr\/wp-content\/uploads\/2020\/07\/Logo-Attitude-BaseZen-ABZI-2020-139x160.png 139w, https:\/\/www.basezen.fr\/wp-content\/uploads\/2020\/07\/Logo-Attitude-BaseZen-ABZI-2020.png 835w\" sizes=\"(max-width: 261px) 100vw, 261px\" \/><\/a><\/figure><\/div>\n\n\n\n<h2 class=\"wp-block-heading\"> <\/h2>\n\n\n\n<p class=\"has-text-align-center\">Formation initiale de Formateur Sauvetage-Secouriste du Travail (FO SST) du 05 au 08\/10\/2020 et du 26 au 29\/10\/2020 \u00e0 Bayonne (64)<\/p>\n\n\n\n<figure class=\"wp-block-image size-full\"><a href=\"https:\/\/www.basezen.fr\/wp-content\/uploads\/2020\/11\/rapport_qualite_formation_de_formateur_sauveteur_secouriste_du_travail-copie.png\" target=\"_blank\" rel=\"noopener noreferrer\"><img loading=\"lazy\" decoding=\"async\" width=\"850\" height=\"3238\" src=\"https:\/\/www.basezen.fr\/wp-content\/uploads\/2020\/11\/rapport_qualite_formation_de_formateur_sauveteur_secouriste_du_travail-copie.png\" alt=\"\" class=\"wp-image-6424\" srcset=\"https:\/\/www.basezen.fr\/wp-content\/uploads\/2020\/11\/rapport_qualite_formation_de_formateur_sauveteur_secouriste_du_travail-copie.png 850w, https:\/\/www.basezen.fr\/wp-content\/uploads\/2020\/11\/rapport_qualite_formation_de_formateur_sauveteur_secouriste_du_travail-copie-79x300.png 79w, https:\/\/www.basezen.fr\/wp-content\/uploads\/2020\/11\/rapport_qualite_formation_de_formateur_sauveteur_secouriste_du_travail-copie-269x1024.png 269w, https:\/\/www.basezen.fr\/wp-content\/uploads\/2020\/11\/rapport_qualite_formation_de_formateur_sauveteur_secouriste_du_travail-copie-768x2926.png 768w, https:\/\/www.basezen.fr\/wp-content\/uploads\/2020\/11\/rapport_qualite_formation_de_formateur_sauveteur_secouriste_du_travail-copie-403x1536.png 403w, https:\/\/www.basezen.fr\/wp-content\/uploads\/2020\/11\/rapport_qualite_formation_de_formateur_sauveteur_secouriste_du_travail-copie-538x2048.png 538w, https:\/\/www.basezen.fr\/wp-content\/uploads\/2020\/11\/rapport_qualite_formation_de_formateur_sauveteur_secouriste_du_travail-copie-42x160.png 42w\" sizes=\"(max-width: 850px) 100vw, 850px\" \/><\/a><\/figure>\n\n\n\n<h2 class=\"wp-block-heading\">         <\/h2>\n\n\n\n<p class=\"has-text-align-center\">Formation des Gestes et Postures au m\u00e9tier d&rsquo;Aide \u00e0 domicile, le 26\/09\/2020 \u00e0 Anglet (64)<\/p>\n\n\n\n<figure class=\"wp-block-image size-full\"><a href=\"https:\/\/www.basezen.fr\/wp-content\/uploads\/2020\/09\/rapport_qualite_formation_gestes_et_postures-1.png\" target=\"_blank\" rel=\"noopener noreferrer\"><img loading=\"lazy\" decoding=\"async\" width=\"850\" height=\"3073\" src=\"https:\/\/www.basezen.fr\/wp-content\/uploads\/2020\/09\/rapport_qualite_formation_gestes_et_postures-1.png\" alt=\"\" class=\"wp-image-6358\" srcset=\"https:\/\/www.basezen.fr\/wp-content\/uploads\/2020\/09\/rapport_qualite_formation_gestes_et_postures-1.png 850w, https:\/\/www.basezen.fr\/wp-content\/uploads\/2020\/09\/rapport_qualite_formation_gestes_et_postures-1-83x300.png 83w, https:\/\/www.basezen.fr\/wp-content\/uploads\/2020\/09\/rapport_qualite_formation_gestes_et_postures-1-283x1024.png 283w, https:\/\/www.basezen.fr\/wp-content\/uploads\/2020\/09\/rapport_qualite_formation_gestes_et_postures-1-768x2777.png 768w, https:\/\/www.basezen.fr\/wp-content\/uploads\/2020\/09\/rapport_qualite_formation_gestes_et_postures-1-425x1536.png 425w, https:\/\/www.basezen.fr\/wp-content\/uploads\/2020\/09\/rapport_qualite_formation_gestes_et_postures-1-166x600.png 166w, https:\/\/www.basezen.fr\/wp-content\/uploads\/2020\/09\/rapport_qualite_formation_gestes_et_postures-1-44x160.png 44w\" sizes=\"(max-width: 850px) 100vw, 850px\" \/><\/a><\/figure>\n\n\n\n<h2 class=\"wp-block-heading\">        <\/h2>\n\n\n\n<p class=\"has-text-align-center\">Formation des Gestes et Postures au m\u00e9tier d&rsquo;Aide \u00e0 domicile, le 19\/09\/2020 \u00e0 Anglet (64)<\/p>\n\n\n\n<div class=\"wp-block-image\"><figure class=\"aligncenter size-full\"><a href=\"https:\/\/www.basezen.fr\/wp-content\/uploads\/2020\/09\/rapport_qualite_formation_gestes_et_postures.png\" target=\"_blank\" rel=\"noopener noreferrer\"><img loading=\"lazy\" decoding=\"async\" width=\"850\" height=\"2704\" src=\"https:\/\/www.basezen.fr\/wp-content\/uploads\/2020\/09\/rapport_qualite_formation_gestes_et_postures.png\" alt=\"\" class=\"wp-image-6354\" srcset=\"https:\/\/www.basezen.fr\/wp-content\/uploads\/2020\/09\/rapport_qualite_formation_gestes_et_postures.png 850w, https:\/\/www.basezen.fr\/wp-content\/uploads\/2020\/09\/rapport_qualite_formation_gestes_et_postures-94x300.png 94w, https:\/\/www.basezen.fr\/wp-content\/uploads\/2020\/09\/rapport_qualite_formation_gestes_et_postures-322x1024.png 322w, https:\/\/www.basezen.fr\/wp-content\/uploads\/2020\/09\/rapport_qualite_formation_gestes_et_postures-768x2443.png 768w, https:\/\/www.basezen.fr\/wp-content\/uploads\/2020\/09\/rapport_qualite_formation_gestes_et_postures-483x1536.png 483w, https:\/\/www.basezen.fr\/wp-content\/uploads\/2020\/09\/rapport_qualite_formation_gestes_et_postures-644x2048.png 644w, https:\/\/www.basezen.fr\/wp-content\/uploads\/2020\/09\/rapport_qualite_formation_gestes_et_postures-189x600.png 189w, https:\/\/www.basezen.fr\/wp-content\/uploads\/2020\/09\/rapport_qualite_formation_gestes_et_postures-50x160.png 50w\" sizes=\"(max-width: 850px) 100vw, 850px\" \/><\/a><\/figure><\/div>\n\n\n\n<h2 class=\"wp-block-heading\">     <\/h2>\n\n\n\n<p><\/p>\n\n\n\n<p class=\"has-text-align-center\">Maintien-Actualisation des Comp\u00e9tences de Formateur  Sauvetage-Secouriste du Travail du 15 au 17\/07\/2020 \u00e0 Bayonne (64)<\/p>\n\n\n\n<figure class=\"wp-block-image size-full\"><a href=\"https:\/\/www.basezen.fr\/wp-content\/uploads\/2020\/07\/rapport_qualite_maintien_actualisation_des_competences_de_formateur_sauveteur_secouriste_du_travail.png\" target=\"_blank\" rel=\"noreferrer noopener\"><img loading=\"lazy\" decoding=\"async\" width=\"850\" height=\"3168\" src=\"https:\/\/www.basezen.fr\/wp-content\/uploads\/2020\/07\/rapport_qualite_maintien_actualisation_des_competences_de_formateur_sauveteur_secouriste_du_travail.png\" alt=\"\" class=\"wp-image-6343\" srcset=\"https:\/\/www.basezen.fr\/wp-content\/uploads\/2020\/07\/rapport_qualite_maintien_actualisation_des_competences_de_formateur_sauveteur_secouriste_du_travail.png 850w, https:\/\/www.basezen.fr\/wp-content\/uploads\/2020\/07\/rapport_qualite_maintien_actualisation_des_competences_de_formateur_sauveteur_secouriste_du_travail-275x1024.png 275w, https:\/\/www.basezen.fr\/wp-content\/uploads\/2020\/07\/rapport_qualite_maintien_actualisation_des_competences_de_formateur_sauveteur_secouriste_du_travail-768x2862.png 768w, https:\/\/www.basezen.fr\/wp-content\/uploads\/2020\/07\/rapport_qualite_maintien_actualisation_des_competences_de_formateur_sauveteur_secouriste_du_travail-412x1536.png 412w, https:\/\/www.basezen.fr\/wp-content\/uploads\/2020\/07\/rapport_qualite_maintien_actualisation_des_competences_de_formateur_sauveteur_secouriste_du_travail-161x600.png 161w, https:\/\/www.basezen.fr\/wp-content\/uploads\/2020\/07\/rapport_qualite_maintien_actualisation_des_competences_de_formateur_sauveteur_secouriste_du_travail-43x160.png 43w\" sizes=\"(max-width: 850px) 100vw, 850px\" \/><\/a><\/figure>\n","protected":false},"excerpt":{"rendered":"<p>Formation initiale de Formateur Sauvetage-Secouriste du Travail (FO SST) du 05 au 08\/10\/2020 et du 26 au 29\/10\/2020 \u00e0 Bayonne (64) Formation des Gestes et Postures au m\u00e9tier d&rsquo;Aide \u00e0 [&hellip;]<\/p>\n","protected":false},"author":1,"featured_media":4015,"parent":593,"menu_order":3,"comment_status":"closed","ping_status":"closed","template":"","meta":{"saved_in_kubio":false,"_monsterinsights_skip_tracking":false,"_monsterinsights_sitenote_active":false,"_monsterinsights_sitenote_note":"","_monsterinsights_sitenote_category":0,"ngg_post_thumbnail":0,"_glsr_average":0,"_glsr_ranking":0,"_glsr_reviews":0,"footnotes":""},"class_list":["post-6328","page","type-page","status-publish","has-post-thumbnail","hentry"],"kubio_ai_page_context":{"short_desc":"","purpose":"general"},"_links":{"self":[{"href":"https:\/\/www.basezen.fr\/index.php\/wp-json\/wp\/v2\/pages\/6328","targetHints":{"allow":["GET"]}}],"collection":[{"href":"https:\/\/www.basezen.fr\/index.php\/wp-json\/wp\/v2\/pages"}],"about":[{"href":"https:\/\/www.basezen.fr\/index.php\/wp-json\/wp\/v2\/types\/page"}],"author":[{"embeddable":true,"href":"https:\/\/www.basezen.fr\/index.php\/wp-json\/wp\/v2\/users\/1"}],"replies":[{"embeddable":true,"href":"https:\/\/www.basezen.fr\/index.php\/wp-json\/wp\/v2\/comments?post=6328"}],"version-history":[{"count":11,"href":"https:\/\/www.basezen.fr\/index.php\/wp-json\/wp\/v2\/pages\/6328\/revisions"}],"predecessor-version":[{"id":6463,"href":"https:\/\/www.basezen.fr\/index.php\/wp-json\/wp\/v2\/pages\/6328\/revisions\/6463"}],"up":[{"embeddable":true,"href":"https:\/\/www.basezen.fr\/index.php\/wp-json\/wp\/v2\/pages\/593"}],"wp:featuredmedia":[{"embeddable":true,"href":"https:\/\/www.basezen.fr\/index.php\/wp-json\/wp\/v2\/media\/4015"}],"wp:attachment":[{"href":"https:\/\/www.basezen.fr\/index.php\/wp-json\/wp\/v2\/media?parent=6328"}],"curies":[{"name":"wp","href":"https:\/\/api.w.org\/{rel}","templated":true}]}}