{"id":6221,"date":"2020-03-19T15:38:22","date_gmt":"2020-03-19T14:38:22","guid":{"rendered":"https:\/\/www.basezen.fr\/?page_id=6221"},"modified":"2020-03-19T16:50:59","modified_gmt":"2020-03-19T15:50:59","slug":"infirmiere-devant-une-situation-durgence","status":"publish","type":"page","link":"https:\/\/www.basezen.fr\/index.php\/formation\/santepsychocorporelle\/infirmiere-devant-une-situation-durgence\/","title":{"rendered":"Infirmi\u00e8re devant une situation d&rsquo;urgence"},"content":{"rendered":"\n<div class=\"wp-block-image\"><figure class=\"aligncenter size-large is-resized\"><a href=\"http:\/\/www.clavis-formation.com\" target=\"_blank\" rel=\"noreferrer noopener\"><img loading=\"lazy\" decoding=\"async\" src=\"https:\/\/www.basezen.fr\/wp-content\/uploads\/2018\/02\/clavis-bandeau2.jpg\" alt=\"\" class=\"wp-image-311\" width=\"282\" height=\"119\" srcset=\"https:\/\/www.basezen.fr\/wp-content\/uploads\/2018\/02\/clavis-bandeau2.jpg 329w, https:\/\/www.basezen.fr\/wp-content\/uploads\/2018\/02\/clavis-bandeau2-300x127.jpg 300w\" sizes=\"(max-width: 282px) 100vw, 282px\" \/><\/a><\/figure><\/div>\n\n\n\n<p class=\"has-text-align-center\"><em><strong>Attitude BaseZen Institut<\/strong> est partenaire avec l&rsquo;<strong>Institut CLAVIS Formation<\/strong>. Tous deux reconnus par les <strong>Fonds Interprofessionnel de Formation des Professionnels Lib\u00e9raux<\/strong> (FIFPL)<\/em><\/p>\n\n\n\n<p class=\"has-text-align-center\"><em>Seul peut-\u00eatre \u00e9ligible \u00e0 une prise en charge de ses formations, le professionnel install\u00e9 en exercice lib\u00e9ral au moment de la formation pour laquelle il pr\u00e9sente une demande de financement par le FIF PL<\/em><\/p>\n\n\n\n<h2 class=\"wp-block-heading\">     <\/h2>\n\n\n\n<h2 class=\"has-text-align-center wp-block-heading\"><strong>L&rsquo;INFIRMIERE DEVANT UNE SITUATION D&rsquo;URGENCE<\/strong><\/h2>\n\n\n\n<div class=\"wp-block-image\"><figure class=\"aligncenter size-large is-resized\"><img loading=\"lazy\" decoding=\"async\" src=\"https:\/\/www.basezen.fr\/wp-content\/uploads\/2018\/03\/Logo-Formateur-Secourisme.png\" alt=\"\" class=\"wp-image-586\" width=\"147\" height=\"162\"\/><\/figure><\/div>\n\n\n\n<div class=\"wp-block-image\"><figure class=\"aligncenter size-large\"><img loading=\"lazy\" decoding=\"async\" width=\"1024\" height=\"768\" src=\"https:\/\/www.basezen.fr\/wp-content\/uploads\/2020\/03\/IMG_1013b-1024x768.jpg\" alt=\"\" class=\"wp-image-6222\" srcset=\"https:\/\/www.basezen.fr\/wp-content\/uploads\/2020\/03\/IMG_1013b-1024x768.jpg 1024w, https:\/\/www.basezen.fr\/wp-content\/uploads\/2020\/03\/IMG_1013b-300x225.jpg 300w, https:\/\/www.basezen.fr\/wp-content\/uploads\/2020\/03\/IMG_1013b-768x576.jpg 768w, https:\/\/www.basezen.fr\/wp-content\/uploads\/2020\/03\/IMG_1013b-1536x1152.jpg 1536w, https:\/\/www.basezen.fr\/wp-content\/uploads\/2020\/03\/IMG_1013b-2048x1536.jpg 2048w, https:\/\/www.basezen.fr\/wp-content\/uploads\/2020\/03\/IMG_1013b-600x450.jpg 600w, https:\/\/www.basezen.fr\/wp-content\/uploads\/2020\/03\/IMG_1013b-213x160.jpg 213w\" sizes=\"(max-width: 1024px) 100vw, 1024px\" \/><\/figure><\/div>\n\n\n\n<p class=\"has-text-align-center\"><em>Professionnels de sant\u00e9 lib\u00e9raux<\/em><\/p>\n\n\n\n<h3 class=\"has-text-align-center wp-block-heading\"><strong>OBJECTIF<\/strong> <\/h3>\n\n\n\n<div class=\"wp-block-image\"><figure class=\"aligncenter is-resized\"><img loading=\"lazy\" decoding=\"async\" src=\"https:\/\/www.basezen.fr\/wp-content\/uploads\/2020\/03\/Logo-Attitude-BaseZen-ABZI.png\" alt=\"L\u2019attribut alt de cette image est vide, son nom de fichier est Logo-Attitude-BaseZen-ABZI.png.\" width=\"125\" height=\"147\"\/><\/figure><\/div>\n\n\n\n<ul class=\"wp-block-list\"><li><em>Acqu\u00e9rir des comp\u00e9tences techniques et s\u00e9curitaires d\u2019interventions en situation d\u2019urgence \u00e0 domicile<\/em><\/li><\/ul>\n\n\n\n<h2 class=\"wp-block-heading\">   <\/h2>\n\n\n\n<h3 class=\"has-text-align-center wp-block-heading\"><strong>PROGRAMME<\/strong><\/h3>\n\n\n\n<div class=\"wp-block-image\"><figure class=\"aligncenter is-resized\"><img loading=\"lazy\" decoding=\"async\" src=\"https:\/\/www.basezen.fr\/wp-content\/uploads\/2020\/03\/pngwave-4-1024x1024.png\" alt=\"L\u2019attribut alt de cette image est vide, son nom de fichier est pngwave-4-1024x1024.png.\" width=\"115\" height=\"118\"\/><\/figure><\/div>\n\n\n\n<ul class=\"wp-block-list\"><li><em>Politique du secours et de l&rsquo;urgence<\/em><\/li><li><em>R\u00f4le de l\u2019IDE, d\u00e9cret de comp\u00e9tence, aspects m\u00e9dico-l\u00e9gaux<\/em><\/li><li><em>Concept de l&rsquo;urgence<\/em><\/li><li><em>Intervenants de l&rsquo;urgence : R\u00f4le, places et responsabilit\u00e9 dans la chaine de secours<\/em><\/li><li><em>Concepts d&rsquo;urgence vital et de l&rsquo;urgence ressentie<\/em><\/li><li><em>M\u00e9thodologie, raisonnement et Evaluation\/Bilan ABCDE<\/em><\/li><li><em>Analyse rapide et pertinente d&rsquo;une situation d&rsquo;urgence<\/em><\/li><li><em>Transmission du bilan aux services de secours<\/em><\/li><li><em>Urgence vital &#8211; R\u00e9vision des gestes et conduite \u00e0 tenir<\/em><\/li><li><em>Urgence potentiel &#8211; R\u00e9vision des gestes et conduite \u00e0 tenir<\/em><\/li><li><em>La trousse de secours du professionnel de sant\u00e9<\/em><\/li><li><em>Sensibilisation aux risques NRBC<\/em><\/li><li><em>Les urgences psychiatrique &#8211; Prise en charge sp\u00e9cifique<\/em><\/li><\/ul>\n\n\n\n<h2 class=\"wp-block-heading\">    <\/h2>\n\n\n\n<h3 class=\"has-text-align-center wp-block-heading\"><strong>PUBLIC CONCERNE<\/strong><\/h3>\n\n\n\n<div class=\"wp-block-image\"><figure class=\"aligncenter is-resized\"><img loading=\"lazy\" decoding=\"async\" src=\"https:\/\/www.basezen.fr\/wp-content\/uploads\/2020\/03\/pngwave-3.png\" alt=\"L\u2019attribut alt de cette image est vide, son nom de fichier est pngwave-3.png.\" width=\"150\" height=\"93\"\/><\/figure><\/div>\n\n\n\n<ul class=\"wp-block-list\"><li><em>Infirmier(e) Dipl\u00f4m\u00e9 d&rsquo;Etat<\/em><\/li><li><em>Etre lib\u00e9ral \u00e9ligible \u00e0 la prise en charge FIF PL<\/em><\/li><\/ul>\n\n\n\n<h2 class=\"wp-block-heading\">    <\/h2>\n\n\n\n<h3 class=\"has-text-align-center wp-block-heading\"><strong>CONDITION DE FORMATION<\/strong><\/h3>\n\n\n\n<div class=\"wp-block-image\"><figure class=\"aligncenter is-resized\"><img loading=\"lazy\" decoding=\"async\" src=\"https:\/\/www.basezen.fr\/wp-content\/uploads\/2020\/03\/pngwave-5-1024x705.png\" alt=\"L\u2019attribut alt de cette image est vide, son nom de fichier est pngwave-5-1024x705.png.\" width=\"133\" height=\"98\"\/><\/figure><\/div>\n\n\n\n<p><em>Cette formation s&rsquo;adresse \u00e0 un groupe de 5 (minimum) \u00e0 15 personnes (maximum).<\/em><\/p>\n\n\n\n<p><em>La formation <\/em><strong>L&rsquo;Infirmi\u00e8re devant une situation d&rsquo;Urgence<\/strong> <em>dure 14 heures<\/em>.<\/p>\n\n\n\n<h2 class=\"wp-block-heading\"><\/h2>\n\n\n\n<h3 class=\"has-text-align-center wp-block-heading\"><strong>VALIDATION DE LA FORMATION<\/strong><\/h3>\n\n\n\n<div class=\"wp-block-image\"><figure class=\"alignleft is-resized\"><img loading=\"lazy\" decoding=\"async\" src=\"https:\/\/www.basezen.fr\/wp-content\/uploads\/2020\/03\/Validation.png\" alt=\"L\u2019attribut alt de cette image est vide, son nom de fichier est Validation.png.\" width=\"103\" height=\"61\"\/><\/figure><\/div>\n\n\n\n<p><em>La participation au module DPC &#8211; <\/em><strong>L&rsquo;Infirmi\u00e8re devant une situation d&rsquo;Urgence<\/strong><em> donne lieu \u00e0 la d\u00e9livrance d&rsquo;une <strong>attestation de formation<\/strong><\/em>.<\/p>\n\n\n\n<h2 class=\"wp-block-heading\">    <\/h2>\n\n\n\n<div class=\"wp-block-image\"><figure class=\"aligncenter is-resized\"><a href=\"https:\/\/www.basezen.fr\/index.php\/accueil\/contact\/\" target=\"_blank\" rel=\"noreferrer noopener\"><img loading=\"lazy\" decoding=\"async\" src=\"https:\/\/www.basezen.fr\/wp-content\/uploads\/2020\/03\/Logo-Attitude-BaseZen-ABZI-Contact.png\" alt=\"L\u2019attribut alt de cette image est vide, son nom de fichier est Logo-Attitude-BaseZen-ABZI-Contact.png.\" width=\"257\" height=\"252\"\/><\/a><\/figure><\/div>\n\n\n\n<h2 class=\"wp-block-heading\">   <\/h2>\n","protected":false},"excerpt":{"rendered":"<p>Attitude BaseZen Institut est partenaire avec l&rsquo;Institut CLAVIS Formation. Tous deux reconnus par les Fonds Interprofessionnel de Formation des Professionnels Lib\u00e9raux (FIFPL) Seul peut-\u00eatre \u00e9ligible \u00e0 une prise en charge [&hellip;]<\/p>\n","protected":false},"author":1,"featured_media":6216,"parent":221,"menu_order":3,"comment_status":"closed","ping_status":"closed","template":"","meta":{"saved_in_kubio":false,"_monsterinsights_skip_tracking":false,"_monsterinsights_sitenote_active":false,"_monsterinsights_sitenote_note":"","_monsterinsights_sitenote_category":0,"ngg_post_thumbnail":0,"_glsr_average":0,"_glsr_ranking":0,"_glsr_reviews":0,"footnotes":""},"class_list":["post-6221","page","type-page","status-publish","has-post-thumbnail","hentry"],"kubio_ai_page_context":{"short_desc":"","purpose":"general"},"_links":{"self":[{"href":"https:\/\/www.basezen.fr\/index.php\/wp-json\/wp\/v2\/pages\/6221","targetHints":{"allow":["GET"]}}],"collection":[{"href":"https:\/\/www.basezen.fr\/index.php\/wp-json\/wp\/v2\/pages"}],"about":[{"href":"https:\/\/www.basezen.fr\/index.php\/wp-json\/wp\/v2\/types\/page"}],"author":[{"embeddable":true,"href":"https:\/\/www.basezen.fr\/index.php\/wp-json\/wp\/v2\/users\/1"}],"replies":[{"embeddable":true,"href":"https:\/\/www.basezen.fr\/index.php\/wp-json\/wp\/v2\/comments?post=6221"}],"version-history":[{"count":2,"href":"https:\/\/www.basezen.fr\/index.php\/wp-json\/wp\/v2\/pages\/6221\/revisions"}],"predecessor-version":[{"id":6234,"href":"https:\/\/www.basezen.fr\/index.php\/wp-json\/wp\/v2\/pages\/6221\/revisions\/6234"}],"up":[{"embeddable":true,"href":"https:\/\/www.basezen.fr\/index.php\/wp-json\/wp\/v2\/pages\/221"}],"wp:featuredmedia":[{"embeddable":true,"href":"https:\/\/www.basezen.fr\/index.php\/wp-json\/wp\/v2\/media\/6216"}],"wp:attachment":[{"href":"https:\/\/www.basezen.fr\/index.php\/wp-json\/wp\/v2\/media?parent=6221"}],"curies":[{"name":"wp","href":"https:\/\/api.w.org\/{rel}","templated":true}]}}

Infirmière devant une situation d&rsquo;urgence

<div class="wp-block-image"><figure class="aligncenter size-large is-resized"><a href="http://www.clavis-formation.com" target="_blank" rel="noreferrer noopener"><img loading="lazy" decoding="async" src="https://www.basezen.fr/wp-content/uploads/2018/02/clavis-bandeau2.jpg" alt="" class="wp-image-311" width="282" height="119" srcset="https://www.basezen.fr/wp-content/uploads/2018/02/clavis-bandeau2.jpg 329w, https://www.basezen.fr/wp-content/uploads/2018/02/clavis-bandeau2-300x127.jpg 300w" sizes="(max-width: 282px) 100vw, 282px" /></a></figure></div>



<p class="has-text-align-center"><em><strong>Attitude BaseZen Institut</strong> est partenaire avec l&rsquo;<strong>Institut CLAVIS Formation</strong>. Tous deux reconnus par les <strong>Fonds Interprofessionnel de Formation des Professionnels Libéraux</strong> (FIFPL)</em></p>



<p class="has-text-align-center"><em>Seul peut-être éligible à une prise en charge de ses formations, le professionnel installé en exercice libéral au moment de la formation pour laquelle il présente une demande de financement par le FIF PL</em></p>



<h2 class="wp-block-heading">     </h2>



<h2 class="has-text-align-center wp-block-heading"><strong>L&rsquo;INFIRMIERE DEVANT UNE SITUATION D&rsquo;URGENCE</strong></h2>



<div class="wp-block-image"><figure class="aligncenter size-large is-resized"><img loading="lazy" decoding="async" src="https://www.basezen.fr/wp-content/uploads/2018/03/Logo-Formateur-Secourisme.png" alt="" class="wp-image-586" width="147" height="162"/></figure></div>



<div class="wp-block-image"><figure class="aligncenter size-large"><img loading="lazy" decoding="async" width="1024" height="768" src="https://www.basezen.fr/wp-content/uploads/2020/03/IMG_1013b-1024x768.jpg" alt="" class="wp-image-6222" srcset="https://www.basezen.fr/wp-content/uploads/2020/03/IMG_1013b-1024x768.jpg 1024w, https://www.basezen.fr/wp-content/uploads/2020/03/IMG_1013b-300x225.jpg 300w, https://www.basezen.fr/wp-content/uploads/2020/03/IMG_1013b-768x576.jpg 768w, https://www.basezen.fr/wp-content/uploads/2020/03/IMG_1013b-1536x1152.jpg 1536w, https://www.basezen.fr/wp-content/uploads/2020/03/IMG_1013b-2048x1536.jpg 2048w, https://www.basezen.fr/wp-content/uploads/2020/03/IMG_1013b-600x450.jpg 600w, https://www.basezen.fr/wp-content/uploads/2020/03/IMG_1013b-213x160.jpg 213w" sizes="(max-width: 1024px) 100vw, 1024px" /></figure></div>



<p class="has-text-align-center"><em>Professionnels de santé libéraux</em></p>



<h3 class="has-text-align-center wp-block-heading"><strong>OBJECTIF</strong> </h3>



<div class="wp-block-image"><figure class="aligncenter is-resized"><img loading="lazy" decoding="async" src="https://www.basezen.fr/wp-content/uploads/2020/03/Logo-Attitude-BaseZen-ABZI.png" alt="L’attribut alt de cette image est vide, son nom de fichier est Logo-Attitude-BaseZen-ABZI.png." width="125" height="147"/></figure></div>



<ul class="wp-block-list"><li><em>Acquérir des compétences techniques et sécuritaires d’interventions en situation d’urgence à domicile</em></li></ul>



<h2 class="wp-block-heading">   </h2>



<h3 class="has-text-align-center wp-block-heading"><strong>PROGRAMME</strong></h3>



<div class="wp-block-image"><figure class="aligncenter is-resized"><img loading="lazy" decoding="async" src="https://www.basezen.fr/wp-content/uploads/2020/03/pngwave-4-1024x1024.png" alt="L’attribut alt de cette image est vide, son nom de fichier est pngwave-4-1024x1024.png." width="115" height="118"/></figure></div>



<ul class="wp-block-list"><li><em>Politique du secours et de l&rsquo;urgence</em></li><li><em>Rôle de l’IDE, décret de compétence, aspects médico-légaux</em></li><li><em>Concept de l&rsquo;urgence</em></li><li><em>Intervenants de l&rsquo;urgence : Rôle, places et responsabilité dans la chaine de secours</em></li><li><em>Concepts d&rsquo;urgence vital et de l&rsquo;urgence ressentie</em></li><li><em>Méthodologie, raisonnement et Evaluation/Bilan ABCDE</em></li><li><em>Analyse rapide et pertinente d&rsquo;une situation d&rsquo;urgence</em></li><li><em>Transmission du bilan aux services de secours</em></li><li><em>Urgence vital &#8211; Révision des gestes et conduite à tenir</em></li><li><em>Urgence potentiel &#8211; Révision des gestes et conduite à tenir</em></li><li><em>La trousse de secours du professionnel de santé</em></li><li><em>Sensibilisation aux risques NRBC</em></li><li><em>Les urgences psychiatrique &#8211; Prise en charge spécifique</em></li></ul>



<h2 class="wp-block-heading">    </h2>



<h3 class="has-text-align-center wp-block-heading"><strong>PUBLIC CONCERNE</strong></h3>



<div class="wp-block-image"><figure class="aligncenter is-resized"><img loading="lazy" decoding="async" src="https://www.basezen.fr/wp-content/uploads/2020/03/pngwave-3.png" alt="L’attribut alt de cette image est vide, son nom de fichier est pngwave-3.png." width="150" height="93"/></figure></div>



<ul class="wp-block-list"><li><em>Infirmier(e) Diplômé d&rsquo;Etat</em></li><li><em>Etre libéral éligible à la prise en charge FIF PL</em></li></ul>



<h2 class="wp-block-heading">    </h2>



<h3 class="has-text-align-center wp-block-heading"><strong>CONDITION DE FORMATION</strong></h3>



<div class="wp-block-image"><figure class="aligncenter is-resized"><img loading="lazy" decoding="async" src="https://www.basezen.fr/wp-content/uploads/2020/03/pngwave-5-1024x705.png" alt="L’attribut alt de cette image est vide, son nom de fichier est pngwave-5-1024x705.png." width="133" height="98"/></figure></div>



<p><em>Cette formation s&rsquo;adresse à un groupe de 5 (minimum) à 15 personnes (maximum).</em></p>



<p><em>La formation </em><strong>L&rsquo;Infirmière devant une situation d&rsquo;Urgence</strong> <em>dure 14 heures</em>.</p>



<h2 class="wp-block-heading"></h2>



<h3 class="has-text-align-center wp-block-heading"><strong>VALIDATION DE LA FORMATION</strong></h3>



<div class="wp-block-image"><figure class="alignleft is-resized"><img loading="lazy" decoding="async" src="https://www.basezen.fr/wp-content/uploads/2020/03/Validation.png" alt="L’attribut alt de cette image est vide, son nom de fichier est Validation.png." width="103" height="61"/></figure></div>



<p><em>La participation au module DPC &#8211; </em><strong>L&rsquo;Infirmière devant une situation d&rsquo;Urgence</strong><em> donne lieu à la délivrance d&rsquo;une <strong>attestation de formation</strong></em>.</p>



<h2 class="wp-block-heading">    </h2>



<div class="wp-block-image"><figure class="aligncenter is-resized"><a href="https://www.basezen.fr/index.php/accueil/contact/" target="_blank" rel="noreferrer noopener"><img loading="lazy" decoding="async" src="https://www.basezen.fr/wp-content/uploads/2020/03/Logo-Attitude-BaseZen-ABZI-Contact.png" alt="L’attribut alt de cette image est vide, son nom de fichier est Logo-Attitude-BaseZen-ABZI-Contact.png." width="257" height="252"/></a></figure></div>



<h2 class="wp-block-heading">   </h2>

<p>Attitude BaseZen Institut est partenaire avec l&rsquo;Institut CLAVIS Formation. Tous deux reconnus par les Fonds Interprofessionnel de Formation des Professionnels Libéraux (FIFPL) Seul peut-être éligible à une prise en charge [&hellip;]</p>
