{"id":6107,"date":"2020-03-15T19:46:19","date_gmt":"2020-03-15T18:46:19","guid":{"rendered":"https:\/\/www.basezen.fr\/?page_id=6107"},"modified":"2020-03-19T11:21:35","modified_gmt":"2020-03-19T10:21:35","slug":"utilisation-du-defibrillateur-automatise-externe","status":"publish","type":"page","link":"https:\/\/www.basezen.fr\/index.php\/formation\/securite-au-travail\/utilisation-du-defibrillateur-automatise-externe\/","title":{"rendered":"Utilisation du D\u00e9fibrillateur Automatis\u00e9 Externe"},"content":{"rendered":"\n<div class=\"wp-block-image\"><figure class=\"aligncenter size-large is-resized\"><img loading=\"lazy\" decoding=\"async\" src=\"https:\/\/www.basezen.fr\/wp-content\/uploads\/2020\/03\/220px-CivilDefence_.png\" alt=\"\" class=\"wp-image-6108\" width=\"190\" height=\"190\" srcset=\"https:\/\/www.basezen.fr\/wp-content\/uploads\/2020\/03\/220px-CivilDefence_.png 220w, https:\/\/www.basezen.fr\/wp-content\/uploads\/2020\/03\/220px-CivilDefence_-150x150.png 150w, https:\/\/www.basezen.fr\/wp-content\/uploads\/2020\/03\/220px-CivilDefence_-160x160.png 160w, https:\/\/www.basezen.fr\/wp-content\/uploads\/2020\/03\/220px-CivilDefence_-100x100.png 100w\" sizes=\"(max-width: 190px) 100vw, 190px\" \/><\/figure><\/div>\n\n\n\n<h2 class=\"has-text-align-center wp-block-heading\"><strong>UTILISATION DU DEFIBRILLATEUR AUTOMATISE EXTERNE<\/strong><\/h2>\n\n\n\n<div class=\"wp-block-image\"><figure class=\"aligncenter size-large is-resized\"><img loading=\"lazy\" decoding=\"async\" src=\"https:\/\/www.basezen.fr\/wp-content\/uploads\/2018\/03\/Logo-Formateur-Secourisme.png\" alt=\"\" class=\"wp-image-586\" width=\"147\" height=\"154\"\/><\/figure><\/div>\n\n\n\n<h4 class=\"has-text-align-center wp-block-heading\">Initiation<\/h4>\n\n\n\n<figure class=\"wp-block-image size-large is-resized\"><img loading=\"lazy\" decoding=\"async\" src=\"https:\/\/www.basezen.fr\/wp-content\/uploads\/2020\/03\/IMG_4612c-1024x865.jpg\" alt=\"\" class=\"wp-image-6057\" width=\"649\" height=\"548\" srcset=\"https:\/\/www.basezen.fr\/wp-content\/uploads\/2020\/03\/IMG_4612c-1024x865.jpg 1024w, https:\/\/www.basezen.fr\/wp-content\/uploads\/2020\/03\/IMG_4612c-300x253.jpg 300w, https:\/\/www.basezen.fr\/wp-content\/uploads\/2020\/03\/IMG_4612c-768x649.jpg 768w, https:\/\/www.basezen.fr\/wp-content\/uploads\/2020\/03\/IMG_4612c-1536x1297.jpg 1536w, https:\/\/www.basezen.fr\/wp-content\/uploads\/2020\/03\/IMG_4612c-2048x1730.jpg 2048w, https:\/\/www.basezen.fr\/wp-content\/uploads\/2020\/03\/IMG_4612c-600x507.jpg 600w, https:\/\/www.basezen.fr\/wp-content\/uploads\/2020\/03\/IMG_4612c-189x160.jpg 189w\" sizes=\"(max-width: 649px) 100vw, 649px\" \/><\/figure>\n\n\n\n<p class=\"has-text-align-center\"><em>Vous \u00eates une entreprise, une structure accueillant du public (mairie, structure sportive, \u00e9tablissement scolaire, &#8230;), il est recommand\u00e9 de proc\u00e9der \u00e0 la formation de membres du personnel \u00e0 l\u2019utilisation du DAE, ceci afin de les familiariser \u00e0 son utilisation en cas de besoin.<\/em><\/p>\n\n\n\n<p class=\"has-text-align-center\"><em>Cette formation est r\u00e9alis\u00e9e dans le cadre d\u2019une initiation rapide.<\/em><\/p>\n\n\n\n<h2 class=\"wp-block-heading\">        <\/h2>\n\n\n\n<h3 class=\"has-text-align-center wp-block-heading\"><strong>OBJECTIF<\/strong> <\/h3>\n\n\n\n<div class=\"wp-block-image\"><figure class=\"aligncenter size-large is-resized\"><img loading=\"lazy\" decoding=\"async\" src=\"https:\/\/www.basezen.fr\/wp-content\/uploads\/2020\/03\/Logo-Attitude-BaseZen-ABZI.png\" alt=\"\" class=\"wp-image-6066\" width=\"125\" height=\"143\" srcset=\"https:\/\/www.basezen.fr\/wp-content\/uploads\/2020\/03\/Logo-Attitude-BaseZen-ABZI.png 835w, https:\/\/www.basezen.fr\/wp-content\/uploads\/2020\/03\/Logo-Attitude-BaseZen-ABZI-261x300.png 261w, https:\/\/www.basezen.fr\/wp-content\/uploads\/2020\/03\/Logo-Attitude-BaseZen-ABZI-768x882.png 768w, https:\/\/www.basezen.fr\/wp-content\/uploads\/2020\/03\/Logo-Attitude-BaseZen-ABZI-522x600.png 522w, https:\/\/www.basezen.fr\/wp-content\/uploads\/2020\/03\/Logo-Attitude-BaseZen-ABZI-139x160.png 139w\" sizes=\"(max-width: 125px) 100vw, 125px\" \/><\/figure><\/div>\n\n\n\n<ul class=\"wp-block-list\"><li><em style=\"font-size: 1rem;\">Intervenir face \u00e0 une situation d&rsquo;une victime en arr\u00eat cardiaque<\/em> (DAE)<\/li><\/ul>\n\n\n\n<h2 class=\"wp-block-heading\">    <\/h2>\n\n\n\n<h3 class=\"has-text-align-center wp-block-heading\"><strong>PROGRAMME<\/strong><\/h3>\n\n\n\n<div class=\"wp-block-image\"><figure class=\"aligncenter size-large is-resized\"><img loading=\"lazy\" decoding=\"async\" src=\"https:\/\/www.basezen.fr\/wp-content\/uploads\/2020\/03\/pngwave-4-1024x1024.png\" alt=\"\" class=\"wp-image-5947\" width=\"115\" height=\"115\" srcset=\"https:\/\/www.basezen.fr\/wp-content\/uploads\/2020\/03\/pngwave-4-1024x1024.png 1024w, https:\/\/www.basezen.fr\/wp-content\/uploads\/2020\/03\/pngwave-4-300x300.png 300w, https:\/\/www.basezen.fr\/wp-content\/uploads\/2020\/03\/pngwave-4-150x150.png 150w, https:\/\/www.basezen.fr\/wp-content\/uploads\/2020\/03\/pngwave-4-768x768.png 768w, https:\/\/www.basezen.fr\/wp-content\/uploads\/2020\/03\/pngwave-4-1536x1536.png 1536w, https:\/\/www.basezen.fr\/wp-content\/uploads\/2020\/03\/pngwave-4-600x600.png 600w, https:\/\/www.basezen.fr\/wp-content\/uploads\/2020\/03\/pngwave-4-160x160.png 160w, https:\/\/www.basezen.fr\/wp-content\/uploads\/2020\/03\/pngwave-4-100x100.png 100w, https:\/\/www.basezen.fr\/wp-content\/uploads\/2020\/03\/pngwave-4.png 1600w\" sizes=\"(max-width: 115px) 100vw, 115px\" \/><\/figure><\/div>\n\n\n\n<ul class=\"wp-block-list\"><li><em>Reconnaitre une victime en arr\u00eat cardiaque<\/em><\/li><li><em>Connaitre l&rsquo;utilisation du D\u00e9fibrillateur Automatis\u00e9 Externe (DAE)<\/em><\/li><li><em>D\u00e9couvrir la pratique du massage cardiaque <\/em><\/li><\/ul>\n\n\n\n<h5 class=\"wp-block-heading\">         <\/h5>\n\n\n\n<p class=\"has-text-align-center\"><em>L&rsquo;initiation est adapt\u00e9e pour les entreprises qui disposent d&rsquo;un DAE et qui souhaitent former leurs personnels \u00e0 l&rsquo;utilisation du DAE <\/em><\/p>\n\n\n\n<h2 class=\"wp-block-heading\">             <\/h2>\n\n\n\n<h3 class=\"has-text-align-center wp-block-heading\"><strong>PUBLIC CONCERNE<\/strong><\/h3>\n\n\n\n<div class=\"wp-block-image\"><figure class=\"aligncenter size-large is-resized\"><img loading=\"lazy\" decoding=\"async\" src=\"https:\/\/www.basezen.fr\/wp-content\/uploads\/2020\/03\/pngwave-3.png\" alt=\"\" class=\"wp-image-5948\" width=\"155\" height=\"98\" srcset=\"https:\/\/www.basezen.fr\/wp-content\/uploads\/2020\/03\/pngwave-3.png 1000w, https:\/\/www.basezen.fr\/wp-content\/uploads\/2020\/03\/pngwave-3-300x188.png 300w, https:\/\/www.basezen.fr\/wp-content\/uploads\/2020\/03\/pngwave-3-768x481.png 768w, https:\/\/www.basezen.fr\/wp-content\/uploads\/2020\/03\/pngwave-3-600x376.png 600w, https:\/\/www.basezen.fr\/wp-content\/uploads\/2020\/03\/pngwave-3-256x160.png 256w\" sizes=\"(max-width: 155px) 100vw, 155px\" \/><\/figure><\/div>\n\n\n\n<ul class=\"wp-block-list\"><li><em>Aucun pr\u00e9-requis<\/em><\/li><li><em>Tout public \u00e0 partir de 10 ans<\/em><\/li><\/ul>\n\n\n\n<h3 class=\"wp-block-heading\">        <\/h3>\n\n\n\n<h3 class=\"has-text-align-center wp-block-heading\"><strong>CONDITION DE FORMATION<\/strong><\/h3>\n\n\n\n<div class=\"wp-block-image\"><figure class=\"aligncenter size-large is-resized\"><img loading=\"lazy\" decoding=\"async\" src=\"https:\/\/www.basezen.fr\/wp-content\/uploads\/2020\/03\/pngwave-5-1024x705.png\" alt=\"\" class=\"wp-image-5977\" width=\"133\" height=\"90\" srcset=\"https:\/\/www.basezen.fr\/wp-content\/uploads\/2020\/03\/pngwave-5-300x206.png 300w, https:\/\/www.basezen.fr\/wp-content\/uploads\/2020\/03\/pngwave-5-768x528.png 768w, https:\/\/www.basezen.fr\/wp-content\/uploads\/2020\/03\/pngwave-5-233x160.png 233w\" sizes=\"(max-width: 133px) 100vw, 133px\" \/><\/figure><\/div>\n\n\n\n<p><em>Cette formation s&rsquo;adresse \u00e0 un groupe de 3 (minimum) \u00e0 12 personnes (maximum).<\/em><\/p>\n\n\n\n<p><em>L&rsquo;initiation \u00e0 l&rsquo;utilisation du DAE dure 1 heure. Laquelle, il faut ajouter le temps pour traiter l&rsquo;audit mat\u00e9rio-vigilence<\/em> (si besoin).<\/p>\n\n\n\n<h3 class=\"wp-block-heading\">       <\/h3>\n\n\n\n<h3 class=\"has-text-align-center wp-block-heading\"><strong>VALIDATION DE LA FORMATION<\/strong><\/h3>\n\n\n\n<div class=\"wp-block-image\"><figure class=\"alignleft size-large is-resized\"><img loading=\"lazy\" decoding=\"async\" src=\"https:\/\/www.basezen.fr\/wp-content\/uploads\/2020\/03\/Validation.png\" alt=\"\" class=\"wp-image-5944\" width=\"103\" height=\"89\" srcset=\"https:\/\/www.basezen.fr\/wp-content\/uploads\/2020\/03\/Validation.png 257w, https:\/\/www.basezen.fr\/wp-content\/uploads\/2020\/03\/Validation-185x160.png 185w\" sizes=\"(max-width: 103px) 100vw, 103px\" \/><\/figure><\/div>\n\n\n\n<p><em>La participation \u00e0 l&rsquo;initiation \u00e0 l&rsquo;utilisation du D\u00e9fibrillateur Automatis\u00e9 Externe donne lieu \u00e0 la d\u00e9livrance d&rsquo;une <strong>attestation de formation<\/strong><\/em>.<\/p>\n\n\n\n<h2 class=\"wp-block-heading\">      <\/h2>\n\n\n\n<h2 class=\"wp-block-heading\">        <\/h2>\n\n\n\n<div class=\"wp-block-image\"><figure class=\"aligncenter size-large is-resized\"><a href=\"https:\/\/www.basezen.fr\/index.php\/accueil\/contact\/\" target=\"_blank\" rel=\"noreferrer noopener\"><img loading=\"lazy\" decoding=\"async\" src=\"https:\/\/www.basezen.fr\/wp-content\/uploads\/2020\/03\/Logo-Attitude-BaseZen-ABZI-Contact.png\" alt=\"\" class=\"wp-image-6069\" width=\"257\" height=\"294\" srcset=\"https:\/\/www.basezen.fr\/wp-content\/uploads\/2020\/03\/Logo-Attitude-BaseZen-ABZI-Contact.png 835w, https:\/\/www.basezen.fr\/wp-content\/uploads\/2020\/03\/Logo-Attitude-BaseZen-ABZI-Contact-261x300.png 261w, https:\/\/www.basezen.fr\/wp-content\/uploads\/2020\/03\/Logo-Attitude-BaseZen-ABZI-Contact-768x882.png 768w, https:\/\/www.basezen.fr\/wp-content\/uploads\/2020\/03\/Logo-Attitude-BaseZen-ABZI-Contact-522x600.png 522w, https:\/\/www.basezen.fr\/wp-content\/uploads\/2020\/03\/Logo-Attitude-BaseZen-ABZI-Contact-139x160.png 139w\" sizes=\"(max-width: 257px) 100vw, 257px\" \/><\/a><\/figure><\/div>\n\n\n\n<h2 class=\"wp-block-heading\">   <\/h2>\n\n\n\n<p class=\"has-background has-text-align-center has-luminous-vivid-amber-background-color\"><em>Depuis le d\u00e9cret 2007-705 du 04 mai 2007 (JO du 5 mai 2007), toute personne, m\u00eame non m\u00e9decin, est habilit\u00e9e \u00e0 utiliser un <strong>D\u00e9fibrillateur Automatis\u00e9 Externe<\/strong> (DAE) pour porter secours \u00e0 une personne en situation d\u2019arr\u00eat cardiaque. Un t\u00e9moin intervenant pour pr\u00eater secours \u00e0 une personne victime d\u2019un accident cardiaque ne peut en aucun cas \u00eatre mis en cause dans le cas d\u2019un d\u00e9c\u00e8s.<\/em><\/p>\n\n\n\n<p><\/p>\n","protected":false},"excerpt":{"rendered":"<p>UTILISATION DU DEFIBRILLATEUR AUTOMATISE EXTERNE Initiation Vous \u00eates une entreprise, une structure accueillant du public (mairie, structure sportive, \u00e9tablissement scolaire, &#8230;), il est recommand\u00e9 de proc\u00e9der \u00e0 la formation de [&hellip;]<\/p>\n","protected":false},"author":1,"featured_media":6052,"parent":2192,"menu_order":1,"comment_status":"closed","ping_status":"closed","template":"","meta":{"saved_in_kubio":false,"_monsterinsights_skip_tracking":false,"_monsterinsights_sitenote_active":false,"_monsterinsights_sitenote_note":"","_monsterinsights_sitenote_category":0,"ngg_post_thumbnail":0,"_glsr_average":0,"_glsr_ranking":0,"_glsr_reviews":0,"footnotes":""},"class_list":["post-6107","page","type-page","status-publish","has-post-thumbnail","hentry"],"kubio_ai_page_context":{"short_desc":"","purpose":"general"},"_links":{"self":[{"href":"https:\/\/www.basezen.fr\/index.php\/wp-json\/wp\/v2\/pages\/6107","targetHints":{"allow":["GET"]}}],"collection":[{"href":"https:\/\/www.basezen.fr\/index.php\/wp-json\/wp\/v2\/pages"}],"about":[{"href":"https:\/\/www.basezen.fr\/index.php\/wp-json\/wp\/v2\/types\/page"}],"author":[{"embeddable":true,"href":"https:\/\/www.basezen.fr\/index.php\/wp-json\/wp\/v2\/users\/1"}],"replies":[{"embeddable":true,"href":"https:\/\/www.basezen.fr\/index.php\/wp-json\/wp\/v2\/comments?post=6107"}],"version-history":[{"count":13,"href":"https:\/\/www.basezen.fr\/index.php\/wp-json\/wp\/v2\/pages\/6107\/revisions"}],"predecessor-version":[{"id":6191,"href":"https:\/\/www.basezen.fr\/index.php\/wp-json\/wp\/v2\/pages\/6107\/revisions\/6191"}],"up":[{"embeddable":true,"href":"https:\/\/www.basezen.fr\/index.php\/wp-json\/wp\/v2\/pages\/2192"}],"wp:featuredmedia":[{"embeddable":true,"href":"https:\/\/www.basezen.fr\/index.php\/wp-json\/wp\/v2\/media\/6052"}],"wp:attachment":[{"href":"https:\/\/www.basezen.fr\/index.php\/wp-json\/wp\/v2\/media?parent=6107"}],"curies":[{"name":"wp","href":"https:\/\/api.w.org\/{rel}","templated":true}]}}