{"id":2225,"date":"2018-08-04T22:06:00","date_gmt":"2018-08-04T20:06:00","guid":{"rendered":"http:\/\/basezen.fr\/?page_id=2225"},"modified":"2023-07-09T12:47:06","modified_gmt":"2023-07-09T10:47:06","slug":"formateur-sauveteur-secouriste-du-travail","status":"publish","type":"page","link":"https:\/\/www.basezen.fr\/index.php\/formation\/pedagogie\/formateur-sauveteur-secouriste-du-travail\/","title":{"rendered":"Formateur Sauveteur-Secouriste du Travail &#8211; Initiale"},"content":{"rendered":"\n<h2 class=\"wp-block-heading has-text-align-center\"><strong>FORMATEUR SAUVETEUR-SECOURISTE DU TRAVAIL<\/strong><\/h2>\n\n\n<div class=\"wp-block-image\">\n<figure class=\"aligncenter is-resized\"><img loading=\"lazy\" decoding=\"async\" src=\"http:\/\/basezen.fr\/wp-content\/uploads\/2018\/03\/Logo-Formation-Formateur-Secourisme.png\" alt=\"\" class=\"wp-image-567\" width=\"147\" height=\"156\"\/><\/figure>\n<\/div>\n\n\n<h3 class=\"wp-block-heading has-text-align-center\"><strong>Formation initiale<\/strong><\/h3>\n\n\n<div class=\"wp-block-image\">\n<figure class=\"aligncenter size-large\"><img loading=\"lazy\" decoding=\"async\" width=\"1024\" height=\"768\" src=\"https:\/\/www.basezen.fr\/wp-content\/uploads\/2020\/03\/IMG_4191c-1024x768.jpg\" alt=\"\" class=\"wp-image-6177\" srcset=\"https:\/\/www.basezen.fr\/wp-content\/uploads\/2020\/03\/IMG_4191c-1024x768.jpg 1024w, https:\/\/www.basezen.fr\/wp-content\/uploads\/2020\/03\/IMG_4191c-300x225.jpg 300w, https:\/\/www.basezen.fr\/wp-content\/uploads\/2020\/03\/IMG_4191c-768x576.jpg 768w, https:\/\/www.basezen.fr\/wp-content\/uploads\/2020\/03\/IMG_4191c-1536x1152.jpg 1536w, https:\/\/www.basezen.fr\/wp-content\/uploads\/2020\/03\/IMG_4191c-2048x1536.jpg 2048w, https:\/\/www.basezen.fr\/wp-content\/uploads\/2020\/03\/IMG_4191c-600x450.jpg 600w, https:\/\/www.basezen.fr\/wp-content\/uploads\/2020\/03\/IMG_4191c-213x160.jpg 213w\" sizes=\"(max-width: 1024px) 100vw, 1024px\" \/><\/figure>\n<\/div>\n\n\n<h3 class=\"wp-block-heading has-text-align-center\"><strong>OBJECTIF<\/strong> <\/h3>\n\n\n<div class=\"wp-block-image\">\n<figure class=\"aligncenter size-large is-resized\"><img loading=\"lazy\" decoding=\"async\" src=\"https:\/\/www.basezen.fr\/wp-content\/uploads\/2020\/03\/Logo-Attitude-BaseZen-ABZI.png\" alt=\"\" class=\"wp-image-6066\" width=\"125\" height=\"128\"\/><\/figure>\n<\/div>\n\n\n<ul class=\"wp-block-list\">\n<li>Assurer la formation initiale, maintien et actualisation des comp\u00e9tences et le suivi des acteurs SST dans le respect des exigences du document de r\u00e9f\u00e9rence INRS ;<\/li>\n\n\n\n<li>D\u00e9velopper au travers la formation, les th\u00e8mes relatifs \u00e0 la pr\u00e9vention des risques professionnels ;<\/li>\n\n\n\n<li>Adapter la formation aux risques sp\u00e9cifiques de(s) l\u2019\u00e9tablissement(s) ou du(des) m\u00e9tier(s), en association avec le m\u00e9decin du travail.<\/li>\n<\/ul>\n\n\n\n<h2 class=\"wp-block-heading\">    <\/h2>\n\n\n\n<h3 class=\"wp-block-heading has-text-align-center\"><strong>PROGRAMME<\/strong><\/h3>\n\n\n<div class=\"wp-block-image\">\n<figure class=\"aligncenter size-large is-resized\"><img loading=\"lazy\" decoding=\"async\" src=\"https:\/\/www.basezen.fr\/wp-content\/uploads\/2020\/03\/pngwave-4-1024x1024.png\" alt=\"\" class=\"wp-image-5947\" width=\"115\" height=\"106\"\/><\/figure>\n<\/div>\n\n\n<p class=\"has-text-align-center\"><strong>D\u00e9montrer l\u2019int\u00e9r\u00eat de la formation SST pour une entreprise<\/strong><\/p>\n\n\n\n<ul class=\"wp-block-list\">\n<li>Justifier la formation SST pour une entreprise<\/li>\n\n\n\n<li>R\u00e9pondre \u00e0 la demande de formation SST de l\u2019entreprise en tenant compte des ses sp\u00e9cificit\u00e9s.<\/li>\n<\/ul>\n\n\n\n<h2 class=\"wp-block-heading\">    <\/h2>\n\n\n\n<p class=\"has-text-align-center\"><strong>Maitriser les aspects m\u00e9thodologiques et techniques de la pr\u00e9vention et du secours pour mettre en oeuvre une formation SST<\/strong><\/p>\n\n\n\n<ul class=\"wp-block-list\">\n<li>S\u2019appuyer sur le guide des donn\u00e9es techniques pour mettre en oeuvre une action de secours<\/li>\n\n\n\n<li>Accompagner et justifier la mise en place d\u2019action de pr\u00e9vention  <\/li>\n<\/ul>\n\n\n\n<h2 class=\"wp-block-heading\">    <\/h2>\n\n\n\n<p class=\"has-text-align-center\"><strong><strong>Concevoir, animer, \u00e9valuer et suivre une action de formation d\u2019acteur SST<\/strong><\/strong><\/p>\n\n\n\n<ul class=\"wp-block-list\">\n<li>Concevoir un d\u00e9roul\u00e9 p\u00e9dagogique d\u2019une action de formation d\u2019acteur SST<\/li>\n\n\n\n<li>Animer une action de formation<\/li>\n\n\n\n<li>Mettre en oeuvre diff\u00e9rentes m\u00e9thodes d\u2019\u00e9valuation<\/li>\n\n\n\n<li>S\u2019assurer de la gestion administrative de la formation dans le cadre de l\u2019habilitation SST<\/li>\n<\/ul>\n\n\n\n<h2 class=\"wp-block-heading\">     <\/h2>\n\n\n\n<h3 class=\"wp-block-heading has-text-align-center\"><strong>PUBLIC CONCERNE<\/strong><\/h3>\n\n\n<div class=\"wp-block-image\">\n<figure class=\"aligncenter size-large is-resized\"><img loading=\"lazy\" decoding=\"async\" src=\"https:\/\/www.basezen.fr\/wp-content\/uploads\/2020\/03\/pngwave-3.png\" alt=\"\" class=\"wp-image-5948\" width=\"155\" height=\"96\" srcset=\"https:\/\/www.basezen.fr\/wp-content\/uploads\/2020\/03\/pngwave-3.png 1000w, https:\/\/www.basezen.fr\/wp-content\/uploads\/2020\/03\/pngwave-3-300x188.png 300w, https:\/\/www.basezen.fr\/wp-content\/uploads\/2020\/03\/pngwave-3-768x481.png 768w, https:\/\/www.basezen.fr\/wp-content\/uploads\/2020\/03\/pngwave-3-600x376.png 600w, https:\/\/www.basezen.fr\/wp-content\/uploads\/2020\/03\/pngwave-3-256x160.png 256w\" sizes=\"(max-width: 155px) 100vw, 155px\" \/><\/figure>\n<\/div>\n\n\n<ul class=\"wp-block-list\">\n<li>Toute personne professionnelle d\u00e9sirant prendre en charge une action et animation SST.<\/li>\n\n\n\n<li>Etre titulaire du certificat SST ou APS&nbsp;<strong><em>en cours de validit\u00e9&nbsp;<\/em><\/strong>;<\/li>\n\n\n\n<li>Avoir suivi avec succ\u00e8s l\u2019<a href=\"https:\/\/www.eformation-inrs.fr\" data-type=\"URL\" data-id=\"https:\/\/www.eformation-inrs.fr\" target=\"_blank\" rel=\"noreferrer noopener\">autoformation<\/a> INRS \u00ab Acqu\u00e9rir des bases en pr\u00e9vention des risques professionnels \u00bb ou la formation \u00ab Obtenir des comp\u00e9tences de base en pr\u00e9vention \u00bb des caisses r\u00e9gionales de s\u00e9curit\u00e9 social<em>.<\/em><\/li>\n\n\n\n<li>Disposer de capacit\u00e9s relationnelles, d\u2019animation et d\u2019expression.<\/li>\n<\/ul>\n\n\n\n<h2 class=\"wp-block-heading\">      <\/h2>\n\n\n\n<p> <\/p>\n\n\n\n<h3 class=\"wp-block-heading has-text-align-center\"><strong>CONDITION D&rsquo;ACCES ET DE FORMATION<\/strong><\/h3>\n\n\n<div class=\"wp-block-image\">\n<figure class=\"aligncenter size-large is-resized\"><img loading=\"lazy\" decoding=\"async\" src=\"https:\/\/www.basezen.fr\/wp-content\/uploads\/2020\/03\/pngwave-5-1024x705.png\" alt=\"\" class=\"wp-image-5977\" width=\"133\" height=\"89\"\/><\/figure>\n<\/div>\n\n\n<p class=\"has-text-align-center\">Cette formation s&rsquo;adresse \u00e0 un groupe de <strong>5 personne minimum \u00e0 10 personnes maximum<\/strong>.<\/p>\n\n\n\n<p class=\"has-text-align-center\">Une formation initiale de formateur SST dure minimum <strong>56 heures<\/strong> en <strong>pr\u00e9sentiel<\/strong>, soit 8 jours (<strong>pauses incluses<\/strong>). la formation est r\u00e9partie sur <strong>2 semaines<\/strong> non cons\u00e9cutives et sans travail d&rsquo;intersession obligatoire:<\/p>\n\n\n\n<ul class=\"wp-block-list\">\n<li>La premi\u00e8re semaine est consacr\u00e9e \u00e0 la d\u00e9marche de pr\u00e9vention, \u00e0 la mise en place d\u2019un projet de formation SST et au d\u00e9veloppement des comp\u00e9tences en mati\u00e8re d\u2019ing\u00e9nierie p\u00e9dagogique.<\/li>\n\n\n\n<li>La deuxi\u00e8me semaine est r\u00e9serv\u00e9e \u00e0 l\u2019appropriation des documents de r\u00e9f\u00e9rence et de la p\u00e9dagogie appliqu\u00e9e Sauveteur-Secouriste du Travail<\/li>\n<\/ul>\n\n\n\n<h2 class=\"wp-block-heading\">     <\/h2>\n\n\n\n<h3 class=\"wp-block-heading has-text-align-center\"><strong>VALIDATION DE LA FORMATION<\/strong><\/h3>\n\n\n<div class=\"wp-block-image\">\n<figure class=\"alignleft size-large is-resized\"><img loading=\"lazy\" decoding=\"async\" src=\"https:\/\/www.basezen.fr\/wp-content\/uploads\/2020\/03\/Validation.png\" alt=\"\" class=\"wp-image-5944\" width=\"103\" height=\"92\"\/><\/figure>\n<\/div>\n\n\n<p>Seuls les candidats qui ont suivi la totalit\u00e9 de la formation (sauf dispositions particuli\u00e8res d\u2019un all\u00e8gement de formation) et qui ont satisfait aux \u00e9preuves certificatives dans leur int\u00e9gralit\u00e9 peuvent pr\u00e9tendre \u00e0 l\u2019obtention du certificat de formateur SST.<\/p>\n\n\n\n<p class=\"has-text-align-center\">Le certificat de formateur Sauveteur-Secouriste du Travail est valable&nbsp;<strong>36 mois<\/strong> (3 ans).<\/p>\n\n\n\n<h2 class=\"wp-block-heading\">       <\/h2>\n\n\n\n<h3 class=\"wp-block-heading has-text-align-center\"><strong>TAUX DE REUSSITE<\/strong><\/h3>\n\n\n<div class=\"wp-block-image\">\n<figure class=\"aligncenter size-full is-resized\"><img loading=\"lazy\" decoding=\"async\" src=\"https:\/\/www.basezen.fr\/wp-content\/uploads\/2020\/03\/f580f4287542052abe8446b0d53ba58b.jpg\" alt=\"\" class=\"wp-image-5971\" width=\"113\" height=\"113\" srcset=\"https:\/\/www.basezen.fr\/wp-content\/uploads\/2020\/03\/f580f4287542052abe8446b0d53ba58b.jpg 225w, https:\/\/www.basezen.fr\/wp-content\/uploads\/2020\/03\/f580f4287542052abe8446b0d53ba58b-150x150.jpg 150w, https:\/\/www.basezen.fr\/wp-content\/uploads\/2020\/03\/f580f4287542052abe8446b0d53ba58b-160x160.jpg 160w, https:\/\/www.basezen.fr\/wp-content\/uploads\/2020\/03\/f580f4287542052abe8446b0d53ba58b-100x100.jpg 100w\" sizes=\"(max-width: 113px) 100vw, 113px\" \/><\/figure>\n<\/div>\n\n\n<p class=\"has-text-align-center\"><strong><strong>Taux de r\u00e9ussite 2020 : 100<\/strong>% <strong>(06 formateurs SST)<\/strong><\/strong><\/p>\n\n\n\n<p class=\"has-text-align-center\"><strong>Taux de r\u00e9ussite 2021 : 100%<\/strong> <strong>(11 formateurs SST)<\/strong><\/p>\n\n\n\n<p class=\"has-text-align-center\"><strong>Taux de r\u00e9ussite 2022 : 100%<\/strong> <strong>(13 formateurs SST)<\/strong><\/p>\n\n\n\n<p class=\"has-text-align-center\"><strong>Taux de r\u00e9ussite 2023 : 100<\/strong>% <strong>(07 formateurs SST)<\/strong><\/p>\n\n\n\n<h2 class=\"wp-block-heading\">    <\/h2>\n\n\n\n<h2 class=\"wp-block-heading\">    <\/h2>\n\n\n<div class=\"wp-block-image\">\n<figure class=\"aligncenter size-large is-resized\"><img loading=\"lazy\" decoding=\"async\" src=\"https:\/\/www.basezen.fr\/wp-content\/uploads\/2018\/08\/FOR-FI-SST-1024x1000.jpg\" alt=\"\" class=\"wp-image-2110\" width=\"512\" height=\"506\"\/><\/figure>\n<\/div>\n\n\n<p class=\"has-text-align-center\"><em>Arr\u00eat\u00e9 du 30 mai 2016 modifiant l&rsquo;arr\u00eat\u00e9 du 24 juillet 2007 modifi\u00e9 pr\u00e9voit \u00ab Les titulaires du certificat de formateur Sauveteur-Secouriste du Travail (SST), \u00e0 jour de formation maintien et actualisation des comp\u00e9tences, sont autoris\u00e9s \u00e0 dispenser l&rsquo;unit\u00e9 d&rsquo;enseignement \u201c Pr\u00e9vention et Secours Civiques de niveau 1 \u201d sous l&rsquo;\u00e9gide des organismes de formation r\u00e9pondant au paragraphe 1 de l&rsquo;annexe 2 du pr\u00e9sent arr\u00eat\u00e9. \u00bb les organisme en question sont les organisme habilit\u00e9s r\u00e9pondant \u00e0 l&rsquo;arr\u00eat\u00e9 du 08 juillet 1992 modifi\u00e9.<\/em><\/p>\n\n\n\n<h2 class=\"wp-block-heading\">    <\/h2>\n\n\n\n<p class=\"has-text-align-center\">  <\/p>\n\n\n\n<h2 class=\"wp-block-heading\">    <\/h2>\n\n\n\n<p class=\"has-text-align-center has-background\" style=\"background-color:#d36262\"><em><strong><strong>Tactical BaseZen Consulting<\/strong><\/strong><\/em> <em>est habilit\u00e9 par l&rsquo;INRS pour dispenser cette formation sous le N\u00b0 H31285\/2018\/SST-2\/O\/01<\/em><\/p>\n\n\n\n<h2 class=\"wp-block-heading\">   <\/h2>\n\n\n\n<h3 class=\"wp-block-heading has-text-align-center\"><strong><strong>ACCESSIBILITE AUX PERSONNES EN SITUATION DE HANDICAP<\/strong><\/strong><\/h3>\n\n\n<div class=\"wp-block-image\">\n<figure class=\"aligncenter size-full is-resized\"><img loading=\"lazy\" decoding=\"async\" src=\"https:\/\/www.basezen.fr\/wp-content\/uploads\/2023\/04\/accessibility.png\" alt=\"\" class=\"wp-image-6908\" width=\"179\" height=\"177\" srcset=\"https:\/\/www.basezen.fr\/wp-content\/uploads\/2023\/04\/accessibility.png 715w, https:\/\/www.basezen.fr\/wp-content\/uploads\/2023\/04\/accessibility-300x297.png 300w, https:\/\/www.basezen.fr\/wp-content\/uploads\/2023\/04\/accessibility-600x595.png 600w, https:\/\/www.basezen.fr\/wp-content\/uploads\/2023\/04\/accessibility-161x160.png 161w, https:\/\/www.basezen.fr\/wp-content\/uploads\/2023\/04\/accessibility-100x100.png 100w\" sizes=\"(max-width: 179px) 100vw, 179px\" \/><\/figure>\n<\/div>\n\n\n<p class=\"has-text-align-center\">Cette formation est accessible aux personnes en situation de handicap.<\/p>\n\n\n\n<p class=\"has-text-align-center\">L&rsquo;organisme de formation est en mesure d&rsquo;apporter un am\u00e9nagement (\u00e9coute, vue,&#8230;) afin d&rsquo;atteindre l&rsquo;objectif de la formation.<\/p>\n\n\n\n<p class=\"has-text-align-center\">Nous avons \u00e9galement des partenaires qui sont en mesure de vous accompagner dans vos d\u00e9marches et aussi r\u00e9pondre aux questions.<\/p>\n\n\n\n<h2 class=\"wp-block-heading\">      <\/h2>\n\n\n\n<h3 class=\"wp-block-heading has-text-align-center\">    <\/h3>\n\n\n\n<h2 class=\"wp-block-heading\">              <\/h2>\n\n\n\n<h4 class=\"wp-block-heading has-text-align-center\"><strong><a href=\"https:\/\/attitude-basezen-institut.catalogueformpro.com\/1\/pedagogie-andragogie\/10061\/formation-initiale-formateur-de-sauveteur-secouriste-du-travail\" data-type=\"URL\" data-id=\"https:\/\/attitude-basezen-institut.catalogueformpro.com\/1\/pedagogie-andragogie\/10061\/formation-initiale-formateur-de-sauveteur-secouriste-du-travail\" target=\"_blank\" rel=\"noreferrer noopener\">DEMANDE D&rsquo;INSCRIPTION INDIVIDUELLE<\/a><\/strong><\/h4>\n\n\n\n<h2 class=\"wp-block-heading\">                              <\/h2>\n\n\n\n<p class=\"has-text-align-center\">Pour <strong>date<\/strong> et <strong>tarif inter-entreprise<\/strong> (local de l&rsquo;organisme de formation) ou <strong>intra-entreprise <\/strong>(local de l&rsquo;entreprise), contactez-nous.<\/p>\n\n\n<div class=\"wp-block-image\">\n<figure class=\"aligncenter size-large is-resized\"><a href=\"https:\/\/www.basezen.fr\/index.php\/accueil\/contact\/\" target=\"_blank\" rel=\"noreferrer noopener\"><img loading=\"lazy\" decoding=\"async\" src=\"https:\/\/www.basezen.fr\/wp-content\/uploads\/2020\/03\/Logo-Attitude-BaseZen-ABZI-Contact.png\" alt=\"\" class=\"wp-image-6069\" width=\"257\" height=\"275\"\/><\/a><\/figure>\n<\/div>\n\n\n<p><\/p>\n","protected":false},"excerpt":{"rendered":"<p>FORMATEUR SAUVETEUR-SECOURISTE DU TRAVAIL Formation initiale OBJECTIF PROGRAMME D\u00e9montrer l\u2019int\u00e9r\u00eat de la formation SST pour une entreprise Maitriser les aspects m\u00e9thodologiques et techniques de la pr\u00e9vention et du secours pour [&hellip;]<\/p>\n","protected":false},"author":1,"featured_media":6955,"parent":159,"menu_order":1,"comment_status":"closed","ping_status":"closed","template":"","meta":{"saved_in_kubio":false,"_monsterinsights_skip_tracking":false,"_monsterinsights_sitenote_active":false,"_monsterinsights_sitenote_note":"","_monsterinsights_sitenote_category":0,"ngg_post_thumbnail":0,"_glsr_average":0,"_glsr_ranking":0,"_glsr_reviews":0,"footnotes":""},"class_list":["post-2225","page","type-page","status-publish","has-post-thumbnail","hentry"],"kubio_ai_page_context":{"short_desc":"","purpose":"general"},"_links":{"self":[{"href":"https:\/\/www.basezen.fr\/index.php\/wp-json\/wp\/v2\/pages\/2225","targetHints":{"allow":["GET"]}}],"collection":[{"href":"https:\/\/www.basezen.fr\/index.php\/wp-json\/wp\/v2\/pages"}],"about":[{"href":"https:\/\/www.basezen.fr\/index.php\/wp-json\/wp\/v2\/types\/page"}],"author":[{"embeddable":true,"href":"https:\/\/www.basezen.fr\/index.php\/wp-json\/wp\/v2\/users\/1"}],"replies":[{"embeddable":true,"href":"https:\/\/www.basezen.fr\/index.php\/wp-json\/wp\/v2\/comments?post=2225"}],"version-history":[{"count":47,"href":"https:\/\/www.basezen.fr\/index.php\/wp-json\/wp\/v2\/pages\/2225\/revisions"}],"predecessor-version":[{"id":7014,"href":"https:\/\/www.basezen.fr\/index.php\/wp-json\/wp\/v2\/pages\/2225\/revisions\/7014"}],"up":[{"embeddable":true,"href":"https:\/\/www.basezen.fr\/index.php\/wp-json\/wp\/v2\/pages\/159"}],"wp:featuredmedia":[{"embeddable":true,"href":"https:\/\/www.basezen.fr\/index.php\/wp-json\/wp\/v2\/media\/6955"}],"wp:attachment":[{"href":"https:\/\/www.basezen.fr\/index.php\/wp-json\/wp\/v2\/media?parent=2225"}],"curies":[{"name":"wp","href":"https:\/\/api.w.org\/{rel}","templated":true}]}}