{"id":171,"date":"2018-02-22T11:17:22","date_gmt":"2018-02-22T10:17:22","guid":{"rendered":"http:\/\/basezen.fr\/?page_id=171"},"modified":"2020-03-19T12:05:44","modified_gmt":"2020-03-19T11:05:44","slug":"secourssauvetage","status":"publish","type":"page","link":"https:\/\/www.basezen.fr\/index.php\/formation\/secourssauvetage\/","title":{"rendered":"Secours &#038; Sauvetage"},"content":{"rendered":"\n<blockquote class=\"wp-block-quote has-text-align-center is-layout-flow wp-block-quote-is-layout-flow\"><p><em>\u00ab\u00a0Il y a pire frustration que de perdre une vie humaine alors qu&rsquo;un geste simple aurait peut-\u00eatre pu la sauver\u00a0\u00bb<\/em><\/p><p><em>&nbsp;<\/em><\/p><\/blockquote>\n\n\n<p>Toute la structure du secours repose sur le principe \u00e0 offrir une panoplie de gestes dans l&rsquo;urgence.<\/p>\n<p style=\"text-align: left;\">Il importe donc d&rsquo;appr\u00e9cier correctement une situation critique (un dangers, un environnement hostile,&#8230;) et de r\u00e9aliser les gestes de premiers secours de mani\u00e8re appropri\u00e9e.<\/p>\n<p>C&rsquo;est le devoir d&rsquo;\u00e9ducation et d&rsquo;information pour tous citoyens, toutes personnes \u00e0 devoir porter assistance \u00e0 une ou plusieurs personnes en danger sans risque pour elle ou pour les tiers.<\/p>\n<p>Pour rappel: La non assistance \u00e0 personne en danger est sanctionn\u00e9 par l&rsquo;<strong>Article 223-6, alin\u00e9a 2 du Code P\u00e9nal<\/strong> qui d\u00e9finit: \u00ab\u00a0Fait, pour une personne, de s&rsquo;abstenir volontairement de porter \u00e0 une personne en p\u00e9ril l&rsquo;assistance que, sans risque pour elle ou pour les tiers, elle pouvait lui pr\u00eater, soit par son action personnelle, soit en provoquant un secours\u00a0\u00bb.<\/p>\n<p>En r\u00e9f\u00e9rence \u00e0 la <strong>Loi n\u00b02004-811 du 13\/08\/2004<\/strong> de modernisation de la s\u00e9curit\u00e9 civile, elle a pour objet la pr\u00e9vention des risques de toute nature, l&rsquo;information et l&rsquo;alerte des populations ainsi que la protection des personnes et des biens&#8230;&nbsp;Afin que&nbsp;tous citoyens apprennent \u00e0 r\u00e9aliser les gestes de secours, l&rsquo;\u00e9tat a \u00e9labor\u00e9 des actions de formation sur l&rsquo;aptitude \u00e0 porter les premiers secours aux personnes en situation de d\u00e9tresse physique (<strong>D\u00e9cret n\u00b091-834 du 30\/08\/1991<\/strong> <strong>modifi\u00e9 par l&rsquo;arr\u00eat\u00e9 du 24\/07\/2007<\/strong> relatif \u00e0 la formation aux premiers secours). Egalement l&rsquo;<strong>Arr\u00eat\u00e9 du 30\/06\/2017<\/strong> instituant une sensibilisation aux \u00ab\u00a0Gestes qui sauvent\u00a0\u00bb, de proposer \u00e0 la population cette sensibilisation.<\/p>\n<p>&nbsp;<\/p>\n<p>Mieux comprendre par ces quelques explications:<\/p>\n<p>Le <em><strong>Secourisme ou Secourir<\/strong><\/em>, c&rsquo;est aider quelqu&rsquo;un en difficult\u00e9 \u00e0 se tirer d&rsquo;un dangers pressant et imm\u00e9diat.&nbsp;Le secourisme ainsi que ses formations sont&nbsp;\u00e9labor\u00e9s, r\u00e9gis sur des protocoles et d\u00e9finis sur des obligations Fran\u00e7aise (Lois, D\u00e9crets, Arr\u00eat\u00e9s, &#8230;).<\/p>\n<p>Le <em><strong>Sauvetage<\/strong><\/em>&nbsp;consiste \u00e0 secourir quelqu&rsquo;un mais \u00e9galement \u00e0 s&rsquo;auto-secourir parfois par des mesures non conventionnelles ou non ordinaires. Les formations sont r\u00e9gis selon le contexte o\u00f9 l&rsquo;on \u00e9volue ou est amen\u00e9 \u00e0 \u00e9voluer (milieu particulier, hostile et\/ou conflictuelle).<\/p>\n<p>L&rsquo; <em><strong>Action de survie<\/strong><\/em>&nbsp;c&rsquo;est la r\u00e9alisation des gestes par le biais de moyens pr\u00e9caires et adapt\u00e9s.<\/p>\n<p>&nbsp;<\/p>\n<p>&nbsp;<\/p>\n<p>&nbsp;<\/p>\n\n\n<figure class=\"wp-block-image size-large\"><img loading=\"lazy\" decoding=\"async\" width=\"1024\" height=\"406\" src=\"https:\/\/www.basezen.fr\/wp-content\/uploads\/2018\/08\/Attitude-BaseZen-InstantZen-court-1024x406.jpg\" alt=\"\" class=\"wp-image-2640\" srcset=\"https:\/\/www.basezen.fr\/wp-content\/uploads\/2018\/08\/Attitude-BaseZen-InstantZen-court-1024x406.jpg 1024w, https:\/\/www.basezen.fr\/wp-content\/uploads\/2018\/08\/Attitude-BaseZen-InstantZen-court-416x165.jpg 416w, https:\/\/www.basezen.fr\/wp-content\/uploads\/2018\/08\/Attitude-BaseZen-InstantZen-court-300x119.jpg 300w, https:\/\/www.basezen.fr\/wp-content\/uploads\/2018\/08\/Attitude-BaseZen-InstantZen-court-768x305.jpg 768w\" sizes=\"(max-width: 1024px) 100vw, 1024px\" \/><\/figure>\n\n\n\n<h2 class=\"has-text-align-center wp-block-heading\"><strong>ATTITUDE BASEZEN INSTITUT<\/strong><\/h2>\n\n\n\n<div class=\"wp-block-image\"><figure class=\"aligncenter is-resized\"><img loading=\"lazy\" decoding=\"async\" src=\"http:\/\/basezen.fr\/wp-content\/uploads\/2018\/02\/Logo-Attitude-BaseZen-300x190.png\" alt=\"\" class=\"wp-image-251\" width=\"160\" height=\"101\" srcset=\"https:\/\/www.basezen.fr\/wp-content\/uploads\/2018\/02\/Logo-Attitude-BaseZen-300x190.png 300w, https:\/\/www.basezen.fr\/wp-content\/uploads\/2018\/02\/Logo-Attitude-BaseZen-416x263.png 416w, https:\/\/www.basezen.fr\/wp-content\/uploads\/2018\/02\/Logo-Attitude-BaseZen.png 672w\" sizes=\"(max-width: 160px) 100vw, 160px\" \/><\/figure><\/div>\n\n\n\n<p class=\"has-text-align-center\"><em><strong>Attitude BaseZen Institut<\/strong> vous propose des formations adapt\u00e9es en fonction du besoin<\/em><\/p>\n\n\n\n<p class=\"has-text-align-center\"><em>Ces formations peuvent se d\u00e9rouler selon votre choix<\/em><\/p>\n\n\n\n<p>&nbsp;<\/p>\n\n\n\n<p class=\"has-text-align-center\"><em>Les formations de Secourisme\u00a0sont anim\u00e9es par un formateur de formateurs S\u00e9curit\u00e9 Civile\/Secourisme et formateur des Premiers Secours<\/em><\/p>\n\n\n\n<div class=\"wp-block-image\"><figure class=\"aligncenter is-resized\"><img loading=\"lazy\" decoding=\"async\" src=\"http:\/\/basezen.fr\/wp-content\/uploads\/2018\/03\/Logo-Formateur-Secourisme-291x300.png\" alt=\"\" class=\"wp-image-586\" width=\"117\" height=\"120\" srcset=\"https:\/\/www.basezen.fr\/wp-content\/uploads\/2018\/03\/Logo-Formateur-Secourisme-291x300.png 291w, https:\/\/www.basezen.fr\/wp-content\/uploads\/2018\/03\/Logo-Formateur-Secourisme-416x429.png 416w, https:\/\/www.basezen.fr\/wp-content\/uploads\/2018\/03\/Logo-Formateur-Secourisme.png 500w\" sizes=\"(max-width: 117px) 100vw, 117px\" \/><\/figure><\/div>\n\n\n\n<p>&nbsp;<\/p>\n\n\n\n<p class=\"has-text-align-center\">Les formations de&nbsp;<em>Sauvetage Tactique Op\u00e9rationnel<\/em>&nbsp;sont anim\u00e9es par le <em>concepteur STOP<\/em> et <em>formateur de formateurs Sauveteur en milieu hostile et\/ou conflictuel<\/em> et <em>Sauveteur premier intervenant en situation particuli\u00e8re<\/em><\/p>\n\n\n\n<div class=\"wp-block-image\"><figure class=\"aligncenter is-resized\"><img loading=\"lazy\" decoding=\"async\" src=\"http:\/\/basezen.fr\/wp-content\/uploads\/2018\/02\/Insigne-STOP-version-5-293x300.png\" alt=\"\" class=\"wp-image-78\" width=\"163\" height=\"167\" srcset=\"https:\/\/www.basezen.fr\/wp-content\/uploads\/2018\/02\/Insigne-STOP-version-5-293x300.png 293w, https:\/\/www.basezen.fr\/wp-content\/uploads\/2018\/02\/Insigne-STOP-version-5-416x426.png 416w, https:\/\/www.basezen.fr\/wp-content\/uploads\/2018\/02\/Insigne-STOP-version-5.png 443w\" sizes=\"(max-width: 163px) 100vw, 163px\" \/><\/figure><\/div>\n\n\n\n<p><em><\/em><\/p>\n","protected":false},"excerpt":{"rendered":"<p>\u00ab\u00a0Il y a pire frustration que de perdre une vie humaine alors qu&rsquo;un geste simple aurait peut-\u00eatre pu la sauver\u00a0\u00bb &nbsp; Toute la structure du secours repose sur le principe [&hellip;]<\/p>\n","protected":false},"author":1,"featured_media":833,"parent":55,"menu_order":2,"comment_status":"closed","ping_status":"closed","template":"","meta":{"saved_in_kubio":false,"_monsterinsights_skip_tracking":false,"_monsterinsights_sitenote_active":false,"_monsterinsights_sitenote_note":"","_monsterinsights_sitenote_category":0,"ngg_post_thumbnail":0,"_glsr_average":0,"_glsr_ranking":0,"_glsr_reviews":0,"footnotes":""},"class_list":["post-171","page","type-page","status-publish","has-post-thumbnail","hentry"],"kubio_ai_page_context":{"short_desc":"","purpose":"general"},"_links":{"self":[{"href":"https:\/\/www.basezen.fr\/index.php\/wp-json\/wp\/v2\/pages\/171","targetHints":{"allow":["GET"]}}],"collection":[{"href":"https:\/\/www.basezen.fr\/index.php\/wp-json\/wp\/v2\/pages"}],"about":[{"href":"https:\/\/www.basezen.fr\/index.php\/wp-json\/wp\/v2\/types\/page"}],"author":[{"embeddable":true,"href":"https:\/\/www.basezen.fr\/index.php\/wp-json\/wp\/v2\/users\/1"}],"replies":[{"embeddable":true,"href":"https:\/\/www.basezen.fr\/index.php\/wp-json\/wp\/v2\/comments?post=171"}],"version-history":[{"count":40,"href":"https:\/\/www.basezen.fr\/index.php\/wp-json\/wp\/v2\/pages\/171\/revisions"}],"predecessor-version":[{"id":6204,"href":"https:\/\/www.basezen.fr\/index.php\/wp-json\/wp\/v2\/pages\/171\/revisions\/6204"}],"up":[{"embeddable":true,"href":"https:\/\/www.basezen.fr\/index.php\/wp-json\/wp\/v2\/pages\/55"}],"wp:featuredmedia":[{"embeddable":true,"href":"https:\/\/www.basezen.fr\/index.php\/wp-json\/wp\/v2\/media\/833"}],"wp:attachment":[{"href":"https:\/\/www.basezen.fr\/index.php\/wp-json\/wp\/v2\/media?parent=171"}],"curies":[{"name":"wp","href":"https:\/\/api.w.org\/{rel}","templated":true}]}}